ple of 5360?
True
Does 4 divide 16691708?
True
Is 10 a factor of 354565545?
False
Does 35 divide 3745214648?
False
Does 26 divide 17046354?
True
Does 2216 divide 142270280?
False
Is 2256 a factor of 3325373058?
False
Is 147849632 a multiple of 224?
True
Does 4 divide 28571179?
False
Does 13 divide 14735929?
True
Is 160612309 a multiple of 1261?
True
Is 90 a factor of 201579210?
True
Does 53 divide 78643090?
False
Is 974 a factor of 16785916?
True
Does 20 divide 957309240?
True
Is 365911355 a multiple of 3545?
True
Is 16 a factor of 538397690?
False
Does 377 divide 56641805?
False
Does 94 divide 18504043?
False
Is 373924641 a multiple of 317?
True
Is 154 a factor of 113727725?
False
Is 25891376 a multiple of 1058?
True
Does 21 divide 219521715?
True
Is 38 a factor of 72834144?
True
Is 16705706 a multiple of 359?
True
Is 473829050 a multiple of 50?
True
Is 29 a factor of 16887750?
False
Is 4 a factor of 26130100?
True
Does 2101 divide 5626320425?
True
Is 3285 a factor of 701810685?
True
Is 6671 a factor of 855205678?
False
Is 1084152 a multiple of 16?
False
Is 303885390 a multiple of 10?
True
Does 21 divide 87645096?
True
Is 148524825 a multiple of 25?
True
Is 849 a factor of 83455851?
True
Is 980830490 a multiple of 6?
False
Is 1336 a factor of 23078139?
False
Is 48 a factor of 500943987?
False
Does 2522 divide 104715144?
False
Does 3 divide 29554506?
True
Is 415115 a multiple of 64?
False
Does 10 divide 180123454?
False
Does 14 divide 103966544?
False
Is 6 a factor of 25693878?
True
Is 207732951 a multiple of 4322?
False
Is 159032406 a multiple of 134?
True
Is 5 a factor of 2461794356?
False
Does 22 divide 396691614?
True
Is 15617168 a multiple of 105?
False
Is 32421021 a multiple of 23?
False
Is 55236160 a multiple of 603?
False
Does 411 divide 27257709?
False
Is 173952 a multiple of 384?
True
Is 83 a factor of 189550201?
False
Does 152 divide 260461498?
False
Is 4 a factor of 160737248?
True
Is 4685770476 a multiple of 11984?
False
Does 100 divide 310318600?
True
Is 2370779956 a multiple of 86?
False
Is 288795911 a multiple of 352?
False
Is 210390605 a multiple of 4475?
False
Is 23 a factor of 5418883?
False
Is 467628319 a multiple of 29?
False
Is 4 a factor of 26736096?
True
Is 34683194 a multiple of 44?
False
Is 153526780 a multiple of 979?
True
Is 8851563 a multiple of 73?
False
Is 689 a factor of 3208800753?
False
Is 93055464 a multiple of 57?
True
Is 5902393 a multiple of 1091?
False
Is 123970696 a multiple of 898?
True
Does 61 divide 59385444?
False
Is 1201096 a multiple of 78?
False
Is 58 a factor of 923474?
False
Is 8 a factor of 14599424?
True
Is 3421 a factor of 33340496?
False
Is 5421108 a multiple of 132?
True
Is 2446 a factor of 50096946?
False
Is 73091804 a multiple of 509?
False
Does 1291 divide 1499759864?
True
Is 77 a factor of 247683205?
True
Is 97379060 a multiple of 124?
True
Is 491768507 a multiple of 22?
False
Does 17 divide 189258369?
False
Does 290 divide 3788850?
True
Does 52 divide 617723548?
True
Is 349958113 a multiple of 1222?
False
Is 91 a factor of 100009?
True
Is 4007 a factor of 52020246?
False
Is 1315 a factor of 5936235?
False
Is 23 a factor of 48410941?
False
Does 58 divide 11710316?
True
Is 4710285118 a multiple of 154?
True
Is 872 a factor of 113632147?
False
Is 802041852 a multiple of 573?
True
Does 54 divide 7464670398?
True
Is 23301392 a multiple of 2753?
True
Is 1495 a factor of 130506025?
True
Is 107222051 a multiple of 3?
False
Is 10 a factor of 87819723?
False
Is 7 a factor of 2282179613?
True
Does 66 divide 32202720?
True
Is 35845794 a multiple of 125?
False
Does 235 divide 4208867?
False
Is 497063257 a multiple of 1549?
True
Is 73 a factor of 4511765?
True
Does 1547 divide 191130988?
False
Does 8 divide 34818256?
True
Does 8 divide 159365192?
True
Is 273 a factor of 918492939?
True
Does 1861 divide 725793722?
True
Is 12 a factor of 7519836?
True
Is 761 a factor of 41070409?
True
Does 383 divide 3484534?
True
Does 161 divide 10275181?
True
Does 37 divide 299713801?
True
Does 68 divide 337289928?
True
Does 598 divide 41846246?
True
Is 10 a factor of 22261693?
False
Is 623482704 a multiple of 351?
True
Is 3912118320 a multiple of 120?
True
Is 1210 a factor of 249158360?
True
Is 131 a factor of 1632403576?
True
Is 68 a factor of 608641018?
False
Is 9334710 a multiple of 77?
True
Does 43 divide 48927839?
False
Does 171 divide 1831194198?
True
Does 332 divide 88811992?
True
Is 40 a factor of 129948579?
False
Is 4 a factor of 1572158?
False
Is 55408320 a multiple of 264?
True
Is 4793940 a multiple of 5?
True
Is 1729 a factor of 60604908?
True
Does 4018 divide 4736382238?
True
Does 79 divide 2223430668?
True
Is 321 a factor of 828822321?
True
Is 96441184 a multiple of 112?
True
Is 9 a factor of 68814637?
False
Does 32 divide 33399499?
False
Does 146 divide 293322343?
False
Is 25764158 a multiple of 7?
True
Is 146 a factor of 2637490?
True
Is 1228935107 a multiple of 7?
False
Does 224 divide 275687328?
True
Is 24242277 a multiple of 108?
False
Is 21 a factor of 1411029912?
False
Does 170 divide 558081780?
True
Is 3399589230 a multiple of 111?
True
Does 713 divide 16313230?
False
Does 448 divide 8474368?
True
Is 2555673967 a multiple of 1156?
False
Does 18 divide 88787422?
False
Does 10 divide 39553384?
False
Is 1395 a factor of 22110093?
False
Does 6552 divide 1677840721?
False
Does 237 divide 57996272?
False
Is 41 a factor of 176794316?
False
Is 28316760 a multiple of 15?
True
Is 271726575 a multiple of 25?
True
Is 16777654 a multiple of 9?
False
Is 363 a factor of 1673702647?
False
Is 33346935 a multiple of 27?
False
Does 201 divide 13869?
True
Does 78 divide 74309013?
False
Is 58282086 a multiple of 708?
False
Is 13144468 a multiple of 6?
False
Is 3151252 a multiple of 1498?
False
Is 292730088 a multiple of 2072?
True
Is 66242594 a multiple of 9?
False
Is 531618165 a multiple of 9?
True
Does 477 divide 887032062?
True
Is 17937082 a multiple of 837?
False
Is 339009952 a multiple of 7?
False
Is 50553220 a multiple of 14?
False
Does 15 divide 2526019215?
True
Is 8 a factor of 350154972?
False
Is 869655976 even?
True
Is 80798313 a multiple of 4179?
False
Is 14440182 a multiple of 3233?
False
Does 577 divide 763885320?
False
Is 44985132 a multiple of 81?
True
Is 14 a factor of 29661338?
True
Is 299 a factor of 42659628?
False
Does 57 divide 264501147?
True
Is 25 a factor of 668749377?
False
Is 17 a factor of 364299947?
False
Does 699 divide 35832231?
False
Is 401 a factor of 23299704?
True
Is 1027 a factor of 10488720?
False
Is 3351670740 a multiple of 12?
True
Does 68 divide 882549560?
True
Is 28830556 a multiple of 403?
False
Is 268128481 a multiple of 26?
False
Does 63 divide 329335272?
True
Does 187 divide 120966672?
False
Is 1796929203 a multiple of 3489?
True
Does 175 divide 939794077?
False
Is 77 a factor of 109879847?
True
Is 26 a factor of 75401872?
True
Does 4187 divide 102594061?
True
Is 238697506 a multiple of 19?
False
Does 439 divide 97490711?
False
Is 37 a factor of 552113991?
False
Is 417 a factor of 39434439?
True
Does 61 divide 5995799068?
True
Is 909415194 a multiple of 3?
True
Is 569 a factor of 8325539?
False
Does 15 divide 1259047230?
True
Does 32 divide 142210240?
True
Is 2651 a factor of 1988112323?
False
Is 377777152 a multiple of 4?
True
Does 9785 divide 839416010?
True
Does 2056 divide 23798200?
True
Does 421 divide 46555443?
True
Does 66 divide 31558164?
True
Is 292 a factor of 1008475559?
False
Is 693048836 a multiple of 6?
False
Is 318 a factor of 292127950?
False
Does 210 divide 45620131?
False
Does 20 divide 21917180?
True
Does 277 divide 673101690?
True
Is 214 a factor of 144010230?
True
Is 355541313 a multiple of 8297?
False
Does 10 divide 25158950?
True
Does 630 divide 35783370?
True
Is 7357 a factor of 3781475929?
True
Is 197327619 a multiple of 16?
False
Does 27 divide 150778611?
True
Does 68 divide 670208754?
False
Is 66981762 a multiple of 186?
True
Does 317 divide 403165489?
False
Is 1126 a factor of 594824138?
True
Is 18026250 a multiple of 1375?
True
Does 666 divide 97960608?
True
Is 122775985 a multiple of 389?
False
Is 422022034 a multiple of 122?
True
Is 6590 a factor of 2872337170?
True
Does 9 divide 4370355?
True
Is 15 a factor of 2080905?
True
Does 23 di